True
Let p(o) = -5468*o + 57. Let b = 445 - 449. Is p(b) prime?
True
Let v(a) be the first derivative of 136*a**3/3 - 8*a**2 - 45*a - 48. Let g be v(-5). Let c = g + -2444. Is c a prime number?
True
Suppose -3*p = -5*a + 437513, 4*a + p - 3*p = 350008. Is a composite?
True
Suppose 3*z = 2*p - 60296, 5*z = -51*p + 56*p - 150735. Is p composite?
True
Let c = -629 - -11742. Is c composite?
False
Let u = -101 + 115. Suppose -u + 10 = -j. Suppose -3*a - 2*x + 1895 = 0, 3*x - j*x + 632 = a. Is a composite?
False
Is ((-1)/((-2)/21377))/(481/962) a prime number?
True
Let r = -5455 + 12122. Is r a prime number?
False
Let p(k) = -33*k + 55. Let x be p(8). Is x/(-19)*(-1 - -30) prime?
False
Let t be (1 - 7)*(-66)/99. Suppose l - 18961 = 3*i - 0*i, -t*l + 75884 = -2*i. Is l composite?
False
Suppose 2*b - 912358 = 4*m, b + 42*m - 456129 = 34*m. Is b prime?
False
Let d be (-1240)/15*((-165)/4)/11. Let r = d + -179. Is r prime?
True
Let n(l) = -96*l**3 + 2*l**2 - 2*l - 31. Let w = -391 - -385. Is n(w) a composite number?
False
Suppose h = -6*h + 28. Suppose 4*c - s = h, 2*c = -0*s - 2*s + 12. Is (-2)/c - (-2328)/(-2 - -4) prime?
True
Let l be ((-6)/9)/((-4)/(-8142)). Let z = 3408 + l. Is z a composite number?
True
Suppose -8*a = -11*a - 24. Let p(y) = 585*y - 30. Let f be p(a). Let g = f + 8001. Is g a prime number?
False
Suppose 4*j - 2*o = 2*o - 352, -o - 88 = j. Is (-19822)/j + 6/8 a composite number?
True
Suppose 3 + 70 = -3*i + 4*g, -129 = 5*i - 3*g. Let o = i + 27. Suppose o = l - 312 - 205. Is l prime?
False
Suppose -378*i + 389*i = 1582526. Is i a composite number?
True
Let k = -38 + 42. Let m be 3*k/(36/75). Suppose -m*c + 29*c = 1556. Is c a composite number?
False
Let i(l) = 3*l**2 - 21. Let t be i(-7). Let c = t - 131. Let b(h) = -182*h + 45. Is b(c) prime?
False
Suppose 0 = 5*a + 3*a - 48. Suppose -a = -2*m, -5*p - 13*m + 47926 = -16*m. Is p a prime number?
True
Let i be (-8)/6 + (33/(-9) - -4). Let r(n) = -5*n**3 + 5*n**2 + 5*n + 20. Let p(g) = g**3 + g. Let q(t) = i*r(t) - 4*p(t). Is q(9) composite?
False
Let x = 5141 - 814. Is x a prime number?
True
Let w = 645237 - 363238. Is w composite?
True
Let v = -25 + -392. Is (-69)/(-3 - 1242/v) a prime number?
False
Let m = -38357 - -58744. Suppose 0 = -5*r + x + 148440, -128063 - m = -5*r + 3*x. Is r a prime number?
False
Let s be 18/15*26*(-5)/(-4). Let m = s + -39. Suppose 3*y - 178 = -2*n + 289, m = -5*y + 2*n + 789. Is y composite?
False
Let i(x) = -3*x**2 - 12*x - 9. Let u be i(-13). Is (-3)/5 + (-2028096)/u prime?
False
Let x(f) = -40*f**2 + 8*f - 4. Let a be x(7). Let c = -6 - a. Suppose -3*w = y - c, -4 = -2*y + 2. Is w a composite number?
True
Is (10/180*3*-3)/(1/(-49142)) a composite number?
False
Suppose 62*s + 35*s + 4*s - 15556727 = 0. Is s a prime number?
True
Let h(v) = v**3 + 123*v**2 + 49*v + 1006. Is h(-121) prime?
True
Suppose -70*j = -72*j - 6. Let a(f) = -15*f**3 + 5*f**2 + 3*f + 4. Is a(j) prime?
False
Suppose -4*r + 5*o = -0*r - 364, -r + 108 = 3*o. Suppose -5*d = -4*i + r, -4*i = d - 2*d - 32. Is ((-2)/4)/(d/8224) a composite number?
False
Suppose 4*w + 158*j - 156*j - 16356 = 0, -4*j = -2*w + 8198. Is w composite?
False
Suppose -z + 73 = -s, s + 362 = 5*z - 3*s. Suppose -4*a = 26 - z. Let p(c) = 28*c - 5. Is p(a) a prime number?
False
Let j = -7721 + 4303. Let u be (-1373)/(2/(4 + -2)). Let p = u - j. Is p a prime number?
False
Let z be 3 + 45142/8 + (-6)/8. Let m = z + -1860. Is m a composite number?
True
Let a = 32212 - 12291. Is a composite?
True
Suppose 0*a = 5*a + 25, 3*s - 3*a + 525 = 0. Is (-721512)/s - (-6)/10 prime?
False
Suppose m + 2*m + k = 101, 0 = -3*k - 12. Suppose 0 = m*u - 38040 - 89185. Is u composite?
True
Let a = -271 + 160. Let k be (19 + -8)/11 + (-2 - 2). Is a/(-6)*(-2 - (-1 + k)) a composite number?
False
Is 170887995/2736 + 1/(-16) prime?
True
Is 708 - 119*(-12)/(-84) a composite number?
False
Suppose x + 10 - 9 = 0. Let l be x/(-5) - 214704/(-80). Let a = l + 83. Is a a composite number?
False
Suppose 718*q - 722*q + 20 = 0. Let a(x) = 583*x**2 - 40*x + 192. Is a(q) a composite number?
True
Let u = -45890 + 90289. Is u a prime number?
False
Let c be (65/(-52))/((-3)/120). Suppose -c*a = -62*a + 101028. Is a prime?
True
Let a = -5838 - -12883. Suppose -2*w + a + 10725 = 0. Is w a composite number?
True
Suppose 0 = -2*p - 3*k + 17053, 26*k - 42615 = -5*p + 22*k. Is p a prime number?
False
Suppose -1 = -r + 2*p, 2*r + 0*r = 2*p + 12. Suppose -7*g + r*g + 3*a - 6575 = 0, -5*g + 5*a + 8210 = 0. Is g composite?
True
Suppose -j = -2*w + 325243 + 650849, j = -5*w + 2440223. Is w a composite number?
True
Suppose -57 = 2*s - 3. Let n = s - -29. Suppose -f + 31 = 2*f + n*h, -5*h + 46 = 3*f. Is f a composite number?
False
Let p(v) = v**3 - 11*v**2 + 16*v - 19. Let i be (8/(-28))/((-8)/308). Is p(i) a composite number?
False
Let x = -167 + 170. Is x + -1 + -6 - (-106913)/19 a prime number?
True
Let a = -14 - -17. Is 287 - (0 + a + -3) a prime number?
False
Suppose 31*u + 1225224 + 20928519 = 112*u. Is u composite?
False
Let v be ((-6648)/60)/(2/(-160)). Suppose 2*a - 2*n - 8491 = -2575, v = 3*a - 5*n. Is a a composite number?
False
Let k = 794 - 789. Suppose -4*s + s + 26383 = 2*o, 26381 = 2*o + k*s. Is o a prime number?
False
Suppose -4*m - 705331 = -3*g, 7*m - 235108 = -g + 8*m. Is g a prime number?
False
Let r(c) = -c + 2. Let x be r(16). Let a(h) = h**2 + 14*h - 2. Let f be a(x). Let y(n) = -6*n**3 + n**2 - 2*n - 1. Is y(f) prime?
False
Suppose 534643 + 341956 = 23*r. Is r a prime number?
True
Let y(d) = -515 + 2*d + 6609 + 2923 - 9*d + 7106. Is y(0) a composite number?
True
Let h = 180966 + 114499. Is h composite?
True
Suppose 0 = l - 1 + 3, 5*l + 22 = -2*h. Suppose 8*g - 19*g = 6*g - 459. Let o = h + g. Is o composite?
True
Let m(f) = -4*f**2 + 5*f + 10. Let z be m(6). Let w = 99 + z. Is 150*(4 - 2) - w composite?
True
Suppose 5*z + 2881 + 13344 = 0. Let s = z + 5604. Is s a prime number?
False
Let g(z) be the third derivative of -3/2*z**3 - 1/60*z**6 - 13/12*z**4 + 0*z - 6*z**2 + 0 - 4/15*z**5. Is g(-14) prime?
True
Suppose 2*p - w = -3*w, -4*p - 3*w = -4. Suppose 3*v + 3400 = 5*a + 8*v, 4*v + 2760 = p*a. Is a a composite number?
True
Let w be 8*3/60*(5 - 0). Suppose 4*n - 17860 = -4*r, -w*r + 3*r - 4475 = -3*n. Suppose 6*l - r = 2*l. Is l composite?
True
Is ((-140)/(-7))/(-4) + 67781 - -13 composite?
False
Let m(t) = 1084*t**3 - 3*t**2 + 44*t - 85. Is m(2) a composite number?
False
Let u = 19 + -16. Let p be (-1)/((-1)/(-1))*86. Let c = u - p. Is c composite?
False
Let o be 1443/222 + 5/(-2). Suppose -2*m + o*n + 12686 = 0, -3*m + 3*n + 2*n = -19024. Is m composite?
True
Let k be (0 - 0) + (-12 - -1 - -15). Suppose -8*z = -3*j - 11*z + 7635, k*z = 4*j - 10180. Is j prime?
False
Suppose t - 2 = -3*x + 12, 0 = 3*x + 6. Suppose 0 = 3*g - 4*f + 27 + t, -5*f = g + 41. Let h(m) = 2*m**2 + 26*m - 5. Is h(g) prime?
True
Suppose 4*y + 5*v - 10 = -y, 5*y + 11 = 2*v. Let a(k) = -1226*k + 369*k + 6 - 7 - 628*k - 3. Is a(y) composite?
False
Let h = 207420 - 96419. Is h prime?
False
Suppose -7*u = 4*u - 486323 + 65056. Is u composite?
True
Let d(j) = 27*j - 22. Let n be d(1). Is -2 - (n/10 - (-6699)/(-6)) a composite number?
True
Is ((-9)/(-36))/(36/45 + 30586902/(-38233640)) a composite number?
False
Suppose -2*d = -2*o + 40942, -555*o + 551*o + 81914 = d. Is o prime?
True
Let c be (13 - 14)/(((-5)/4)/5). Suppose 0 = f - c*s - 5911, 5*f + 4*s = 7*s + 29521. Is f a prime number?
True
Suppose -646 = -7*h - 639. Let d(b) = 3684*b + 27. Is d(h) a prime number?
False
Suppose -19*i = -24*i + 195. Is (-28)/(-182) + 376071/i composite?
False
Let y(k) = 63*k + 81431. Is y(0) prime?
False
Let a(l) = l**3 - 2*l**2 + 27*l + 529847. Is a(0) prime?
True
Let d(t) = 10*t**2 + 40*t - 308. Is d(53) composite?
True
Let f(o) = 3744*o**2 + 13*o - 32. Is f(3) a composite number?
False
Let f(n) = -4*n**3 - 59*n - 10*n**2 + 11*n**3 + 67*n. Is f(7) composite?
True
Let w be 3/2*-2 + 29. Let r be w/(-65) - 64/(-10). Suppose r*h + 5*h = 1639. Is h a prime number?
True
Let w(x) = -x + 3. Let m be w(-1). Suppose m*z = -2*z + 6702. Is z a composite number?
False
Suppose 2*k - 4*x = 133499 + 1174887, 18 = -3*x. Is k composite?
True
Suppose -2*s = -6*s. Let j(m) = -14*m + 2837. Let n(i) = 18*i 